 common factor of 7 and w?
7
Let j = -14 - -14. Let g be -2 - -14 - (-1 - j). Suppose 20*y = 527 + 513. What is the greatest common divisor of g and y?
13
Suppose 0 = -5*v + 15 - 5. Suppose 0 = v*j + 35 + 31. Let u be ((-5)/(-3) - 2)*j. What is the greatest common divisor of 88 and u?
11
Let k be 7/2*(1 + 15). Suppose -3*n - q = 15, -5*q + 4*q = 0. Let l(t) = t**2 - 2*t - 21. Let y be l(n). Calculate the greatest common factor of y and k.
14
Let y(v) = -v + 14. Let i be y(3). Let p be (5/10 - 1)*i*-10. What is the greatest common factor of p and 5?
5
Let t be 96/20 - (-1)/5*1. Suppose -m - 3 = 0, t*b - 3*m = 847 - 73. Calculate the greatest common divisor of 17 and b.
17
Let q(u) = -42*u - 16. Let b be q(-16). Suppose -2*h + 3*n = -n - b, h + n = 316. Suppose 10*w - 15*w = -h. Calculate the highest common factor of w and 8.
8
Suppose -19*h + 2040 = 182 - 821. What is the highest common divisor of 39 and h?
3
Let v = 60 - -66. Suppose -175*m - 1633 = -7726 - 8607. Calculate the greatest common factor of m and v.
42
Let m = 7 + 0. Let p be 1*2/(8/(-156)). Let v = 46 + p. What is the greatest common factor of m and v?
7
Let y = 24205 - 13259. Calculate the highest common divisor of y and 13.
13
Suppose 3*h - 12*o - 6390 = 0, -6940 = -5*h - 4*o + 3590. Calculate the greatest common divisor of h and 40.
10
Let h = -56708 + 56729. Suppose -2*v + 6 = -i - 8, -4*v - 4*i + 52 = 0. What is the greatest common factor of h and v?
3
Let m be 0 - 1*(-36 + 1). Let l(i) = 783*i + 3119. Let n be l(-3). Calculate the greatest common factor of m and n.
35
Suppose 244*h = 232*h + 120. What is the highest common divisor of 1215 and h?
5
Suppose -2*t = 2*a - 198, -256*t = -255*t - 2*a - 99. What is the greatest common divisor of 3333 and t?
33
Suppose -49*k - f = -48*k - 7015, f = 2*k - 14057. Calculate the highest common divisor of 64 and k.
16
Let u(z) = -z - 3. Let j be u(-5). Let b(a) = -a**j - 11*a**3 - 4*a - 1 + 2*a - 1 + 0. Let i be b(-1). What is the greatest common factor of i and 50?
10
Let u = 2362 - 2293. What is the highest common divisor of 437 and u?
23
Let s = -29 - -191. Suppose -g - 220 = -4*u, -3*g + 6*g = 4*u - 228. Calculate the highest common factor of s and u.
54
Let g = -472 - -584. Calculate the highest common divisor of 434 and g.
14
Let h = -10 - -18. Let w(y) = -y**3 - 10*y**2 + 5*y + 38. Let s be w(-10). Let p be 132/(s*6/(-48)). What is the greatest common factor of p and h?
8
Let p(j) = 3*j**2 + 146*j - 430. Let k be p(3). What is the greatest common divisor of k and 2485?
35
Suppose 0 = -5*b + 16 + 49. Suppose b = 2*g - 57. Let x be (((-4221)/268)/(1/(-4)))/3. Calculate the highest common divisor of x and g.
7
Suppose 0 = -4*x - 0*d - 4*d + 644, 0 = 2*d + 8. What is the highest common factor of 506 and x?
11
Suppose -23*z + 780 - 255 = -510. Calculate the greatest common factor of z and 36.
9
Suppose -63 = -5*s + 77. Suppose -63*w - 38*w = -35*w - 4158. Calculate the greatest common divisor of s and w.
7
Suppose 228*q = 121*q + 1498. What is the highest common divisor of 1001 and q?
7
Suppose 6*s + 8494 = r + 3*s, 4*r = 16*s + 34000. What is the highest common divisor of r and 104?
52
Suppose -4*a = -3*h + 9, 15 = a + 32*h - 27*h. Suppose 1042 = 4*v - 7*o + 6*o, a = 4*v - 4*o - 1048. Calculate the greatest common divisor of v and 30.
10
Let f(s) = -1 + s**3 + 2 + s - s**2 + s**3 - 2*s**2. Let x be f(3). Let w = 641 - 424. What is the greatest common divisor of w and x?
31
Suppose -5*t - 5*z + 160 = 0, 8*t + 2*z = 142 + 84. Let c = 18 - 9. What is the greatest common factor of t and c?
9
Let b = 161 - 167. Let i(o) = -94*o - 109. Let p be i(b). Calculate the highest common factor of 35 and p.
35
Let x be 8 + -6 - -10 - (2 - 51740). What is the greatest common divisor of x and 250?
250
Suppose -5*h = -4*t + 77, 2*h + 4 - 2 = 0. Suppose 4*o + 290 = 5*a, 5*o + 79 = -10*a + 11*a. What is the highest common factor of t and a?
18
Suppose 0 = 3*f + 2*z - 72, 2*f + 2*z + 1086 - 1128 = 0. Suppose 0 = -4*x - w + 1385, -x + 114 = -w - 226. Calculate the greatest common divisor of x and f.
15
Suppose 50 = -3*l + 98. Suppose 46 = v + y, -17*v + 34 = -l*v + 4*y. Calculate the highest common divisor of v and 550.
50
Suppose 143*c - 648 = 131*c. What is the highest common factor of c and 1692?
18
Let v(a) = a**3 + 17*a**2 - 156*a - 3. Let k be v(7). What is the greatest common factor of k and 81?
81
Suppose -2*x = 4*r + 3*x - 10, -3*r + 2 = x. Suppose 68*u - 432 = 60*u. Let p be ((-513)/u)/((r - 1)/2). What is the highest common factor of 38 and p?
19
Suppose -250879 = 466*n - 850621. Calculate the highest common divisor of 45 and n.
9
Let d = 6004 + -5997. Suppose 2*s - 7 = -0*l + l, 0 = 3*s + 2*l. Let r(q) = 24*q**2 - 3*q + 1. Let x be r(s). What is the highest common divisor of d and x?
7
Let m(z) = -z + 12. Let o = 56 + -48. Let r be m(o). Suppose 1 = -3*j + r*v, j - 1 - 2 = -2*v. What is the highest common divisor of j and 3?
1
Let c be (3729/452)/(9/2652). What is the greatest common divisor of c and 143?
143
Let n be 2 - (5648/(-14) - 60/(-140)). Let v = -390 + n. What is the highest common divisor of v and 36?
3
Let z = -641 - -1418. Let m = -776 + z. Calculate the greatest common divisor of m and 13.
1
Let c(s) = -31*s - 20. Let r be c(-8). Suppose t - 4*t - r = 0. Let l be (-8)/(-12) + t/(-12). What is the highest common factor of l and 1?
1
Let k(s) = -s**3 + 11*s**2 - 8*s - 3. Let a be k(8). Suppose -5*i - 3*y = -477 + 433, 0 = -4*i - 3*y + 34. Calculate the highest common factor of a and i.
5
Let d(h) = -2*h**3 - 12*h**2 + h - 4. Let u be d(-6). Let i be (-2522)/u - 128/(-160). What is the highest common factor of i and 46?
23
Let k be (0 - -61)/((-18)/(-81) + (-10)/(-36)). Calculate the highest common factor of k and 122.
122
Let j = -2749 - -7563. Calculate the highest common factor of j and 58.
58
Let y be ((-4)/56)/((-4)/14)*80. Let x(i) = 7*i**3 - 3*i**2 - i + 1. Let v be x(3). Calculate the greatest common factor of y and v.
20
Suppose -q - 5*w + 93 = q, 4*q = w + 153. Let c(i) = 31*i + 156 - 71*i + q*i. Let x be c(0). Calculate the highest common divisor of x and 12.
12
Let s = 2167 + -1936. Calculate the highest common factor of s and 511.
7
Suppose 8 = 4*s, -15*p + 20*p - 5*s = 165. Calculate the highest common divisor of 115 and p.
5
Let g = 3678 - 3545. What is the highest common divisor of g and 14?
7
Let k be (1288/98)/((-2)/(-91)). What is the greatest common divisor of k and 1702?
46
Suppose -2*w + 6*w - 440 = 0. Let q = -71 + w. Let o = q + -31. Calculate the greatest common factor of o and 40.
8
Suppose 4*b - 44 = -0*b. Let o be (4/(-2))/(((-22)/168)/b). Suppose o = -2*k + 10*k. What is the greatest common divisor of k and 14?
7
Let n(t) = 36*t - 22*t + 27 - 11*t. Let p be n(11). Calculate the highest common factor of p and 30.
30
Let t = 52 + 305. Let r = 227 + -210. Calculate the highest common factor of t and r.
17
Suppose 0 = -2*r + 6*r - 8. Let k = 6958 + -6945. What is the greatest common divisor of r and k?
1
Let u = 182 + -170. Let p = 144 + -264. Let t be (28/(-8))/7*p. What is the greatest common factor of u and t?
12
Let z(s) = 24*s. Let c be z(1). Let h(n) = 2*n**3 - 4*n**2 + 73*n - 347. Let j be h(5). Calculate the highest common divisor of j and c.
24
Let c be ((-13)/(-5))/((-214)/(-14980)). Let l be (-1 - 2) + 5 - -11. What is the highest common factor of c and l?
13
Suppose 0*u - 2551 = -3*u - 4*s, s = 4*u - 3414. Suppose 11*v + 237 = u. Suppose 5*y = 64 + v. Calculate the highest common divisor of 18 and y.
6
Let t be (-56)/(-35)*885/(-6). Let y = t + 361. What is the greatest common divisor of 75 and y?
25
Let n be -16*(-5)/(-50)*(-5)/2. Let w be 65 - (-15)/10*n/(-6). What is the greatest common factor of 4 and w?
4
Suppose 0 = 3*a - 17 - 1. Let k(q) = -q**3 + 6*q**2 + 4*q + 3. Let t be k(a). Suppose -11*r - 96 = -393. What is the highest common factor of t and r?
27
Let m be 8*(-25)/200 + (-4)/6*-9. Calculate the highest common factor of 802 and m.
1
Let w be (-2 + 159)/((-9)/9). Let r = -12 - w. Calculate the highest common factor of r and 5.
5
Let k = -130 + 158. Calculate the greatest common factor of 92 and k.
4
Suppose 3 + 2 = -5*v, c - 8 = 5*v. Suppose -c*i + 2 = -19. Let f = 27 - 6. Calcula